{"id":2221,"date":"2024-11-13T17:35:04","date_gmt":"2024-11-13T17:35:04","guid":{"rendered":"https:\/\/timtierneyottawa.ca\/?page_id=2221"},"modified":"2024-12-02T02:54:12","modified_gmt":"2024-12-02T02:54:12","slug":"traff","status":"publish","type":"page","link":"https:\/\/timtierneyottawa.ca\/?page_id=2221&lang=fr","title":{"rendered":"Cames de Trafic"},"content":{"rendered":"<h4 class=\"x_p3\">Vous trouverez ci-dessous une liste des cam\u00e9ras de notre service, cliquez dessus pour \u00eatre transport\u00e9 comme par magie vers un flux vid\u00e9o en direct\u00a0!<\/h4>\n<p>Montreal &amp; Shefford<br \/>\n<a href=\"https:\/\/traffic.ottawa.ca\/map\/cameraWindow?id=253\">https:\/\/traffic.ottawa.ca\/map\/cameraWindow?id=253<\/a><\/p>\n<p>Montreal &amp; Ogilvie<br \/>\n<a href=\"https:\/\/traffic.ottawa.ca\/map\/cameraWindow?id=197\">https:\/\/traffic.ottawa.ca\/map\/cameraWindow?id=197<\/a><\/p>\n<p>Highway 174 west of Blair<br \/>\n<a href=\"https:\/\/traffic.ottawa.ca\/map\/cameraWindow?id=250\">https:\/\/traffic.ottawa.ca\/map\/cameraWindow?id=250<\/a><\/p>\n<p>Highway 174 east of Montreal<br \/>\n<a href=\"https:\/\/traffic.ottawa.ca\/map\/cameraWindow?id=252\">https:\/\/traffic.ottawa.ca\/map\/cameraWindow?id=252<\/a><\/p>\n<p>Displaying images for camera: Montreal &amp; Blair<br \/>\n<a href=\"https:\/\/traffic.ottawa.ca\/map\/cameraWindow?id=256\">https:\/\/traffic.ottawa.ca\/map\/cameraWindow?id=256<\/a><\/p>\n<p>Montreal &amp; Aviation<br \/>\n<a href=\"https:\/\/traffic.ottawa.ca\/map\/cameraWindow?id=257\">https:\/\/traffic.ottawa.ca\/map\/cameraWindow?id=257<\/a><\/p>\n<p>Blair &amp; Ogilvie<br \/>\n<a href=\"https:\/\/traffic.ottawa.ca\/map\/cameraWindow?id=35\">https:\/\/traffic.ottawa.ca\/map\/cameraWindow?id=35<\/a><\/p>\n<p>Ogilvie &amp; St. Laurent<br \/>\n<a href=\"https:\/\/traffic.ottawa.ca\/map\/cameraWindow?id=67\">https:\/\/traffic.ottawa.ca\/map\/cameraWindow?id=67<\/a><\/p>\n<p>Cummings &amp; Ogilvie<br \/>\n<a href=\"https:\/\/traffic.ottawa.ca\/map\/cameraWindow?id=277\">https:\/\/traffic.ottawa.ca\/map\/cameraWindow?id=277<\/a><\/p>\n<p>Elmlea &amp; Ogilvie ( Costco )<br \/>\n<a href=\"https:\/\/traffic.ottawa.ca\/map\/cameraWindow?id=385\">https:\/\/traffic.ottawa.ca\/map\/cameraWindow?id=385<\/a><\/p>\n<p>Cummings &amp; Cyrville<br \/>\n<a href=\"https:\/\/traffic.ottawa.ca\/map\/cameraWindow?id=348\">https:\/\/traffic.ottawa.ca\/map\/cameraWindow?id=348<\/a><\/p>\n<p>Cyrville &amp; Innes<br \/>\n<a href=\"https:\/\/traffic.ottawa.ca\/map\/cameraWindow?id=244\">https:\/\/traffic.ottawa.ca\/map\/cameraWindow?id=244<\/a><\/p>\n<p>&nbsp;<\/p>\n","protected":false},"excerpt":{"rendered":"<p>Vous trouverez ci-dessous une liste des cam\u00e9ras de notre service, cliquez dessus pour \u00eatre transport\u00e9 comme par magie vers un flux vid\u00e9o en direct\u00a0! Montreal &amp; Shefford https:\/\/traffic.ottawa.ca\/map\/cameraWindow?id=253 Montreal &amp; [&hellip;]<\/p>\n","protected":false},"author":1,"featured_media":0,"parent":0,"menu_order":0,"comment_status":"closed","ping_status":"closed","template":"","meta":{"give_campaign_id":0,"_monsterinsights_skip_tracking":false,"_monsterinsights_sitenote_active":false,"_monsterinsights_sitenote_note":"","_monsterinsights_sitenote_category":0,"footnotes":""},"class_list":["post-2221","page","type-page","status-publish","hentry"],"aioseo_notices":[],"campaignId":"","rttpg_featured_image_url":null,"rttpg_author":{"display_name":"admin","author_link":"https:\/\/timtierneyottawa.ca\/?author=1"},"rttpg_comment":0,"rttpg_category":" <a href=\"https:\/\/timtierneyottawa.ca\/?taxonomy=translation_priority&#038;term=facultatif&#038;lang=fr\" rel=\"tag\">Facultatif<\/a>","rttpg_excerpt":"Vous trouverez ci-dessous une liste des cam\u00e9ras de notre service, cliquez dessus pour \u00eatre transport\u00e9 comme par magie vers un flux vid\u00e9o en direct\u00a0! Montreal &amp; Shefford https:\/\/traffic.ottawa.ca\/map\/cameraWindow?id=253 Montreal &amp; [&hellip;]","_links":{"self":[{"href":"https:\/\/timtierneyottawa.ca\/index.php?rest_route=\/wp\/v2\/pages\/2221","targetHints":{"allow":["GET"]}}],"collection":[{"href":"https:\/\/timtierneyottawa.ca\/index.php?rest_route=\/wp\/v2\/pages"}],"about":[{"href":"https:\/\/timtierneyottawa.ca\/index.php?rest_route=\/wp\/v2\/types\/page"}],"author":[{"embeddable":true,"href":"https:\/\/timtierneyottawa.ca\/index.php?rest_route=\/wp\/v2\/users\/1"}],"replies":[{"embeddable":true,"href":"https:\/\/timtierneyottawa.ca\/index.php?rest_route=%2Fwp%2Fv2%2Fcomments&post=2221"}],"version-history":[{"count":4,"href":"https:\/\/timtierneyottawa.ca\/index.php?rest_route=\/wp\/v2\/pages\/2221\/revisions"}],"predecessor-version":[{"id":2388,"href":"https:\/\/timtierneyottawa.ca\/index.php?rest_route=\/wp\/v2\/pages\/2221\/revisions\/2388"}],"wp:attachment":[{"href":"https:\/\/timtierneyottawa.ca\/index.php?rest_route=%2Fwp%2Fv2%2Fmedia&parent=2221"}],"curies":[{"name":"wp","href":"https:\/\/api.w.org\/{rel}","templated":true}]}}