{"id":2346,"date":"2024-11-28T15:43:24","date_gmt":"2024-11-28T15:43:24","guid":{"rendered":"https:\/\/timtierneyottawa.ca\/?page_id=2346"},"modified":"2024-11-28T15:43:24","modified_gmt":"2024-11-28T15:43:24","slug":"rencontrez-lequipe","status":"publish","type":"page","link":"https:\/\/timtierneyottawa.ca\/?page_id=2346&lang=fr","title":{"rendered":"Rencontrez l&#8217;\u00e9quipe"},"content":{"rendered":"<p><img loading=\"lazy\" decoding=\"async\" class=\" wp-image-2290 aligncenter\" src=\"https:\/\/timtierneyottawa.ca\/wp-content\/uploads\/2024\/11\/77c33dd4-3478-4177-877d-3f9e6f5fa834-300x199.jpg\" alt=\"\" width=\"753\" height=\"499\" srcset=\"https:\/\/timtierneyottawa.ca\/wp-content\/uploads\/2024\/11\/77c33dd4-3478-4177-877d-3f9e6f5fa834-300x199.jpg 300w, https:\/\/timtierneyottawa.ca\/wp-content\/uploads\/2024\/11\/77c33dd4-3478-4177-877d-3f9e6f5fa834-1024x679.jpg 1024w, https:\/\/timtierneyottawa.ca\/wp-content\/uploads\/2024\/11\/77c33dd4-3478-4177-877d-3f9e6f5fa834-768x509.jpg 768w, https:\/\/timtierneyottawa.ca\/wp-content\/uploads\/2024\/11\/77c33dd4-3478-4177-877d-3f9e6f5fa834-1536x1019.jpg 1536w, https:\/\/timtierneyottawa.ca\/wp-content\/uploads\/2024\/11\/77c33dd4-3478-4177-877d-3f9e6f5fa834-2048x1358.jpg 2048w, https:\/\/timtierneyottawa.ca\/wp-content\/uploads\/2024\/11\/77c33dd4-3478-4177-877d-3f9e6f5fa834-600x398.jpg 600w\" sizes=\"auto, (max-width: 753px) 100vw, 753px\" \/><\/p>\n<p>Vous avez d\u00e9j\u00e0 rencontr\u00e9 Tim, votre conseiller municipal pour le quartier 11, Beacon Hill-Cyrville, et entendu parler de son d\u00e9vouement \u00e0 servir cette incroyable communaut\u00e9. Maintenant, rencontrez l\u2019\u00e9quipe fantastique avec laquelle il travaille chaque jour. Chaque membre de cette \u00e9quipe est fier d\u2019appeler Beacon Hill-Cyrville sa maison et partage une passion profonde pour faire de ce quartier le meilleur qu\u2019il puisse \u00eatre. Tandis que Tim m\u00e8ne la charge \u00e0 l\u2019H\u00f4tel de Ville, lui et son \u00e9quipe travaillent ensemble pour s\u2019assurer que les voix des r\u00e9sidents soient entendues et que la communaut\u00e9 continue d\u2019avancer.<\/p>\n<p>L\u2019\u00e9quipe est ici pour \u00e9couter, soutenir et collaborer avec vous parce qu\u2019ils croient tous au potentiel de Beacon Hill-Cyrville et sont d\u00e9termin\u00e9s \u00e0 voir ce quartier prosp\u00e9rer. Ensemble, ils travaillent pour b\u00e2tir une communaut\u00e9 plus forte, plus connect\u00e9e et un endroit encore meilleur pour vivre pour tous.<\/p>\n<p><img loading=\"lazy\" decoding=\"async\" class=\" wp-image-2294 alignleft\" src=\"https:\/\/timtierneyottawa.ca\/wp-content\/uploads\/2024\/11\/0fe2c0d8-c97e-48c6-8e66-7764eee77ce5-214x300.jpg\" alt=\"\" width=\"265\" height=\"371\" srcset=\"https:\/\/timtierneyottawa.ca\/wp-content\/uploads\/2024\/11\/0fe2c0d8-c97e-48c6-8e66-7764eee77ce5-214x300.jpg 214w, https:\/\/timtierneyottawa.ca\/wp-content\/uploads\/2024\/11\/0fe2c0d8-c97e-48c6-8e66-7764eee77ce5-731x1024.jpg 731w, https:\/\/timtierneyottawa.ca\/wp-content\/uploads\/2024\/11\/0fe2c0d8-c97e-48c6-8e66-7764eee77ce5-768x1076.jpg 768w, https:\/\/timtierneyottawa.ca\/wp-content\/uploads\/2024\/11\/0fe2c0d8-c97e-48c6-8e66-7764eee77ce5-1097x1536.jpg 1097w, https:\/\/timtierneyottawa.ca\/wp-content\/uploads\/2024\/11\/0fe2c0d8-c97e-48c6-8e66-7764eee77ce5-1462x2048.jpg 1462w, https:\/\/timtierneyottawa.ca\/wp-content\/uploads\/2024\/11\/0fe2c0d8-c97e-48c6-8e66-7764eee77ce5-600x840.jpg 600w, https:\/\/timtierneyottawa.ca\/wp-content\/uploads\/2024\/11\/0fe2c0d8-c97e-48c6-8e66-7764eee77ce5.jpg 1828w\" sizes=\"auto, (max-width: 265px) 100vw, 265px\" \/><\/p>\n<h1><strong>Brook-lynn Quinlan &#8211; <em>Assistante ex\u00e9cutive<\/em><\/strong><\/h1>\n<p>Brook-Lynn fait partie int\u00e9grante de l\u2019\u00e9quipe de Tim depuis 2021, assurant le bon fonctionnement du bureau et apportant un soutien crucial au conseiller dans son travail. En tant qu\u2019assistante ex\u00e9cutive, Brook-Lynn g\u00e8re l\u2019emploi du temps exigeant du conseiller, coordonne les r\u00e9unions et veille \u00e0 ce que chaque t\u00e2che soit accomplie efficacement. Elle est souvent le premier point de contact pour les r\u00e9sidents, offrant un soutien exceptionnel et s\u2019assurant que leurs pr\u00e9occupations soient trait\u00e9es rapidement.<\/p>\n<p>Avec un solide bagage en organisation et en communication, Brook-Lynn excelle dans la gestion de multiples priorit\u00e9s tout en maintenant un professionnalisme constant. Qu\u2019il s\u2019agisse d\u2019organiser des \u00e9v\u00e9nements communautaires, de g\u00e9rer la correspondance ou d\u2019assister dans les op\u00e9rations quotidiennes du bureau, elle est toujours pr\u00eate \u00e0 aider et \u00e0 maintenir le bureau en bon \u00e9tat de fonctionnement.<\/p>\n<p>R\u00e9sidente fi\u00e8re de Beacon Hill-Cyrville, Brook-Lynn est passionn\u00e9e par la contribution \u00e0 la communaut\u00e9 et veiller \u00e0 ce que les r\u00e9sidents re\u00e7oivent l\u2019attention et les services qu\u2019ils m\u00e9ritent. Son d\u00e9vouement \u00e0 offrir un excellent service est \u00e9vident dans tous les aspects de son travail, et elle est fi\u00e8re de faire partie de l\u2019\u00e9quipe qui s\u2019efforce de faire de ce quartier un meilleur endroit.<\/p>\n<p><img loading=\"lazy\" decoding=\"async\" class=\" wp-image-2298 alignleft\" src=\"https:\/\/timtierneyottawa.ca\/wp-content\/uploads\/2024\/11\/6e8fadef-6b6c-4b2e-9e8c-e15b3445ca8f-1-214x300.jpg\" alt=\"\" width=\"262\" height=\"367\" srcset=\"https:\/\/timtierneyottawa.ca\/wp-content\/uploads\/2024\/11\/6e8fadef-6b6c-4b2e-9e8c-e15b3445ca8f-1-214x300.jpg 214w, https:\/\/timtierneyottawa.ca\/wp-content\/uploads\/2024\/11\/6e8fadef-6b6c-4b2e-9e8c-e15b3445ca8f-1-730x1024.jpg 730w, https:\/\/timtierneyottawa.ca\/wp-content\/uploads\/2024\/11\/6e8fadef-6b6c-4b2e-9e8c-e15b3445ca8f-1-768x1077.jpg 768w, https:\/\/timtierneyottawa.ca\/wp-content\/uploads\/2024\/11\/6e8fadef-6b6c-4b2e-9e8c-e15b3445ca8f-1-1096x1536.jpg 1096w, https:\/\/timtierneyottawa.ca\/wp-content\/uploads\/2024\/11\/6e8fadef-6b6c-4b2e-9e8c-e15b3445ca8f-1-1461x2048.jpg 1461w, https:\/\/timtierneyottawa.ca\/wp-content\/uploads\/2024\/11\/6e8fadef-6b6c-4b2e-9e8c-e15b3445ca8f-1-600x841.jpg 600w, https:\/\/timtierneyottawa.ca\/wp-content\/uploads\/2024\/11\/6e8fadef-6b6c-4b2e-9e8c-e15b3445ca8f-1.jpg 1826w\" sizes=\"auto, (max-width: 262px) 100vw, 262px\" \/><\/p>\n<h1>Andr\u00e9a Shane &#8211; <em>Assistante, Communications<\/em><\/h1>\n<p>Andr\u00e9a a r\u00e9cemment rejoint l\u2019\u00e9quipe et est rapidement devenue une partie importante du bureau, contribuant \u00e0 g\u00e9rer les communications pour Tim. N\u00e9e et \u00e9lev\u00e9e \u00e0 Beacon Hill-Cyrville, Andr\u00e9a a une connexion profonde avec la communaut\u00e9 et est passionn\u00e9e par l\u2019id\u00e9e de tenir les r\u00e9sidents inform\u00e9s et engag\u00e9s. Avec un bagage en ressources humaines dans ses \u00e9tudes, Andr\u00e9a apporte de solides comp\u00e9tences organisationnelles, une attention particuli\u00e8re aux d\u00e9tails et la capacit\u00e9 de communiquer efficacement dans tous les aspects de son travail.<\/p>\n<p>Elle est responsable de la gestion de divers canaux de communication, de la cr\u00e9ation de contenu et de l\u2019assurance que les mises \u00e0 jour, \u00e9v\u00e9nements et informations cl\u00e9s soient partag\u00e9s avec la communaut\u00e9. Andr\u00e9a travaille en \u00e9troite collaboration avec le reste de l\u2019\u00e9quipe pour garantir que le bureau reste transparent, r\u00e9actif et accessible, tout en priorisant une communication claire et rapide avec les r\u00e9sidents.<\/p>\n<p>Ayant grandi dans le quartier, Andr\u00e9a est impatiente de contribuer \u00e0 la croissance et au d\u00e9veloppement de Beacon Hill-Cyrville. Elle est d\u00e9termin\u00e9e \u00e0 s\u2019assurer que la communaut\u00e9 soit bien inform\u00e9e et engag\u00e9e, aidant ainsi les r\u00e9sidents \u00e0 rester connect\u00e9s au bureau et \u00e0 ses initiatives.<\/p>\n<h1><img loading=\"lazy\" decoding=\"async\" class=\" wp-image-2296 alignleft\" src=\"https:\/\/timtierneyottawa.ca\/wp-content\/uploads\/2024\/11\/a7c4ca11-46dd-495c-9949-9a909d2a273f-214x300.jpg\" alt=\"\" width=\"267\" height=\"374\" srcset=\"https:\/\/timtierneyottawa.ca\/wp-content\/uploads\/2024\/11\/a7c4ca11-46dd-495c-9949-9a909d2a273f-214x300.jpg 214w, https:\/\/timtierneyottawa.ca\/wp-content\/uploads\/2024\/11\/a7c4ca11-46dd-495c-9949-9a909d2a273f-731x1024.jpg 731w, https:\/\/timtierneyottawa.ca\/wp-content\/uploads\/2024\/11\/a7c4ca11-46dd-495c-9949-9a909d2a273f-768x1076.jpg 768w, https:\/\/timtierneyottawa.ca\/wp-content\/uploads\/2024\/11\/a7c4ca11-46dd-495c-9949-9a909d2a273f-1097x1536.jpg 1097w, https:\/\/timtierneyottawa.ca\/wp-content\/uploads\/2024\/11\/a7c4ca11-46dd-495c-9949-9a909d2a273f-1462x2048.jpg 1462w, https:\/\/timtierneyottawa.ca\/wp-content\/uploads\/2024\/11\/a7c4ca11-46dd-495c-9949-9a909d2a273f-600x840.jpg 600w, https:\/\/timtierneyottawa.ca\/wp-content\/uploads\/2024\/11\/a7c4ca11-46dd-495c-9949-9a909d2a273f.jpg 1828w\" sizes=\"auto, (max-width: 267px) 100vw, 267px\" \/>Julie Valliant-Saunders &#8211; <em>Assistante, Gestion de cas<\/em><\/h1>\n<p>Julie a r\u00e9cemment rejoint l\u2019\u00e9quipe et joue un r\u00f4le essentiel dans la gestion des dossiers au sein du bureau. Avec un solide bagage en \u00e9ducation et en conseil pour les enfants et les jeunes, Julie est d\u00e9di\u00e9e \u00e0 aider les r\u00e9sidents \u00e0 naviguer dans une large gamme de d\u00e9fis personnels, sociaux et communautaires. Son r\u00f4le consiste \u00e0 \u00eatre une ressource directe pour les r\u00e9sidents qui ont besoin d\u2019aide, leur fournissant des conseils, du soutien et les outils n\u00e9cessaires pour r\u00e9soudre leurs pr\u00e9occupations. Que ce soit pour aider les individus \u00e0 acc\u00e9der aux services communautaires, fournir des conseils sur la gestion de probl\u00e8mes complexes ou aider les familles ayant besoin d\u2019un soutien sp\u00e9cialis\u00e9, Julie veille \u00e0 ce que chaque personne qui la contacte re\u00e7oive une attention personnalis\u00e9e et les ressources dont elle a besoin pour aller de l\u2019avant.<\/p>\n<p>L\u2019approche compatissante de Julie et ses comp\u00e9tences exceptionnelles en r\u00e9solution de probl\u00e8mes font d\u2019elle un membre inestimable de l\u2019\u00e9quipe. Elle est profond\u00e9ment engag\u00e9e \u00e0 s\u2019assurer que tous les r\u00e9sidents, surtout ceux confront\u00e9s \u00e0 des circonstances difficiles, se sentent \u00e9cout\u00e9s, soutenus et responsabilis\u00e9s. Avec son attention particuli\u00e8re pour le bien-\u00eatre, Julie travaille en \u00e9troite collaboration avec le reste de l\u2019\u00e9quipe pour garantir que les r\u00e9sidents re\u00e7oivent le soutien global dont ils ont besoin pour surmonter leurs d\u00e9fis et prosp\u00e9rer au sein de la communaut\u00e9.<\/p>\n<p>Son exp\u00e9rience et sa passion pour aider les autres, combin\u00e9es \u00e0 sa nature bienveillante, font de Julie une alli\u00e9e de confiance pour toute personne ayant besoin d\u2019aide. Julie est enthousiaste \u00e0 l\u2019id\u00e9e de contribuer \u00e0 la croissance de Beacon Hill-Cyrville, en s\u2019assurant que les r\u00e9sidents re\u00e7oivent les conseils qu\u2019ils m\u00e9ritent.<\/p>\n","protected":false},"excerpt":{"rendered":"<p>Vous avez d\u00e9j\u00e0 rencontr\u00e9 Tim, votre conseiller municipal pour le quartier 11, Beacon Hill-Cyrville, et entendu parler de son d\u00e9vouement \u00e0 servir cette incroyable communaut\u00e9. Maintenant, rencontrez l\u2019\u00e9quipe fantastique avec [&hellip;]<\/p>\n","protected":false},"author":3,"featured_media":0,"parent":0,"menu_order":0,"comment_status":"closed","ping_status":"closed","template":"","meta":{"give_campaign_id":0,"_monsterinsights_skip_tracking":false,"_monsterinsights_sitenote_active":false,"_monsterinsights_sitenote_note":"","_monsterinsights_sitenote_category":0,"footnotes":""},"class_list":["post-2346","page","type-page","status-publish","hentry"],"aioseo_notices":[],"campaignId":"","rttpg_featured_image_url":null,"rttpg_author":{"display_name":"Andrea Shane","author_link":"https:\/\/timtierneyottawa.ca\/?author=3"},"rttpg_comment":0,"rttpg_category":" <a href=\"https:\/\/timtierneyottawa.ca\/?taxonomy=translation_priority&#038;term=facultatif&#038;lang=fr\" rel=\"tag\">Facultatif<\/a>","rttpg_excerpt":"Vous avez d\u00e9j\u00e0 rencontr\u00e9 Tim, votre conseiller municipal pour le quartier 11, Beacon Hill-Cyrville, et entendu parler de son d\u00e9vouement \u00e0 servir cette incroyable communaut\u00e9. Maintenant, rencontrez l\u2019\u00e9quipe fantastique avec [&hellip;]","_links":{"self":[{"href":"https:\/\/timtierneyottawa.ca\/index.php?rest_route=\/wp\/v2\/pages\/2346","targetHints":{"allow":["GET"]}}],"collection":[{"href":"https:\/\/timtierneyottawa.ca\/index.php?rest_route=\/wp\/v2\/pages"}],"about":[{"href":"https:\/\/timtierneyottawa.ca\/index.php?rest_route=\/wp\/v2\/types\/page"}],"author":[{"embeddable":true,"href":"https:\/\/timtierneyottawa.ca\/index.php?rest_route=\/wp\/v2\/users\/3"}],"replies":[{"embeddable":true,"href":"https:\/\/timtierneyottawa.ca\/index.php?rest_route=%2Fwp%2Fv2%2Fcomments&post=2346"}],"version-history":[{"count":0,"href":"https:\/\/timtierneyottawa.ca\/index.php?rest_route=\/wp\/v2\/pages\/2346\/revisions"}],"wp:attachment":[{"href":"https:\/\/timtierneyottawa.ca\/index.php?rest_route=%2Fwp%2Fv2%2Fmedia&parent=2346"}],"curies":[{"name":"wp","href":"https:\/\/api.w.org\/{rel}","templated":true}]}}